, 5
Suppose 0 = -8*g + 3*g + 5. List the prime factors of 0 + -2 - g - -39.
2, 3
Let m(i) = i**2 - 9*i - 7. Let g = 12 - 2. Let k be m(g). Suppose -t - 48 = -4*s, -25 = -4*s + k*s - 3*t. What are the prime factors of s?
13
Let m = 2127 - 1330. What are the prime factors of m?
797
Suppose -4*k + 2 = -10. Suppose 0*w - 4*y = -k*w + 692, 2*w - 468 = y. List the prime factors of w.
2, 59
Suppose 3*h - 13*h + 7160 = 0. Suppose 0 = -3*v + 12, 5*u = -5*v + h + 174. List the prime factors of u.
2, 3, 29
What are the prime factors of 14/(-336)*8 + 5329/3?
2, 3, 37
Suppose -2*q + 2*h + 1810 = 0, 7*q - 1810 = 5*q - 2*h. List the prime factors of q.
5, 181
Suppose 0 = 21*o - 19*o + 2*k - 2346, 0 = -2*o + 2*k + 2346. List the prime factors of o.
3, 17, 23
Suppose -2*l = -69 + 373. Let m = l + 214. What are the prime factors of m?
2, 31
What are the prime factors of 144 - (28/7 + -6)?
2, 73
Let u(s) = s**3 - 5*s**2 + 3*s - 5. Let k be u(5). Let l = k - 5. Suppose -5 - 8 = -2*m - l*x, -3*m + 4*x = -77. List the prime factors of m.
19
Let j be 46 + 2 - 3/(-1). Suppose -x = b - 6*b + j, -5*x - b - 177 = 0. Let r = 60 + x. List the prime factors of r.
2, 3
Let q = 391 + -690. Let u = -119 - q. Suppose 3*m = -5*a + u, -2*a - 5*m - 144 = -6*a. List the prime factors of a.
2, 3
Suppose -26*q = -21*q + 15. What are the prime factors of q/(-2)*(6 + 20)?
3, 13
Let p(b) = b**2 + b - 8 - 7*b - 2*b + 4*b. Let l be p(6). What are the prime factors of ((-98 - l) + 2)/(-2)?
2, 5
Let h = 11 - -62. List the prime factors of (-4)/(-1*2/h).
2, 73
Suppose 0 = 4*t - 2*j - 60, j = 5*t + 4 - 73. Let n = t - 14. Let a = n - -28. What are the prime factors of a?
3
Let t = 7 + 91. What are the prime factors of t?
2, 7
Let h be -38*(21/(-6) + 3). Let t = 23 - h. Suppose -3*a = 4*o - 32, -2*a - 16 = -3*a + t*o. What are the prime factors of a?
2, 3
Let b be (-456)/4*(-1 - -2)/(-1). Let q = b - 59. List the prime factors of q.
5, 11
Let o = 8082 + -5567. What are the prime factors of o?
5, 503
Suppose 103 + 660 = 7*x. What are the prime factors of x?
109
Suppose -3*l + 2218 + 1222 = 5*m, 0 = -l + 5. List the prime factors of m.
5, 137
Let f(v) = -v**2 + 5*v - 6. Let c be f(3). Suppose c = 5*q - 7 - 3. Suppose -5*h = 2*p - 127, 2*p + q*h - 115 = h. What are the prime factors of p?
2, 7
Let v = 1528 + -1073. List the prime factors of v.
5, 7, 13
Suppose z + 3*x = -9, -5*z - 2*x + 7*x = -15. Suppose 4*r + 45 - 225 = z. List the prime factors of r.
3, 5
Let o be (2 - 3) + 2 - 1. Let k = o - 0. Suppose k = -n - 8 + 42. List the prime factors of n.
2, 17
Let v(z) be the third derivative of -z**5/30 + z**4/24 + 2*z**3/3 + z**2. Let s(p) be the first derivative of v(p). What are the prime factors of s(-6)?
5
Suppose 2*s - 2053 - 1465 = 0. List the prime factors of s.
1759
Let m(p) = -p**3 - 8*p**2 - 3*p. Let k be m(-5). Let j = 75 + k. List the prime factors of j.
3, 5
Suppose 4*y = z - 19, 0 = -2*z - y - y + 8. Let n(m) = 8*m + 8. What are the prime factors of n(z)?
2
Let v = -216 + -194. Let p = -339 - -321. List the prime factors of (-6)/(-27) + v/p.
23
Let w(l) = l**3 - 4*l**2 + 4*l - 10. Let t be w(4). What are the prime factors of (153/t)/((-3)/(-4))?
2, 17
Let z = 741 + -230. List the prime factors of z.
7, 73
Let v = -248 - -716. List the prime factors of v.
2, 3, 13
Let n(s) = s**3 + 19*s**2 - 30*s + 7. Let a be n(-20). Let m = 28 + a. What are the prime factors of m?
5, 47
Suppose -3467 = -4*z + 3161. List the prime factors of z.
1657
Suppose b - 65 = -3*h, -2*b = 3*b + 5. Suppose -20*j = -h*j + 418. What are the prime factors of j?
11, 19
Let q = 104 + 232. Suppose -159 = -3*w + q. List the prime factors of w.
3, 5, 11
Let u(j) = 4*j**3 + 5*j**2 - 36*j - 6. What are the prime factors of u(9)?
3, 997
Let r = 4101 + -1894. What are the prime factors of r?
2207
Let d(p) = 3 + 12*p**2 + p + 0*p**2 + 0*p**2. Let q be d(-2). Let g = q - 23. List the prime factors of g.
2, 13
Suppose -14 = -12*u + 10. Suppose -2*g - g = -b - 445, 5*g + u*b = 727. List the prime factors of g.
3, 7
Let q = -272 + 1809. List the prime factors of q.
29, 53
Let z(f) = -3*f**3 - 2*f**2 - 20. List the prime factors of z(-6).
2, 139
Suppose 0 = -13*x + 5*x - 104. Let n = 12 - x. What are the prime factors of n?
5
Let u be 14/(-28) + 2/(8/1802). Suppose u + 38 = 4*t. List the prime factors of t.
2, 61
Let g(d) = 2*d**3 - d**2 + 1. Let y be g(1). Suppose y*w + 13 - 81 = 0. Suppose -m + 4 = i - 18, 5*m - w = -i. List the prime factors of i.
19
Let s(a) = a. Let o be s(-1). Suppose 24 = 2*x + 4. What are the prime factors of (29 - o)*8/x?
2, 3
Let k be -1*(-4 + 3)/(-1). Let x(h) = -192*h + 4. What are the prime factors of x(k)?
2, 7
What are the prime factors of 13 - -889 - (1 - -2)?
29, 31
Suppose 182*g - 151*g - 55614 = 0. List the prime factors of g.
2, 3, 13, 23
Let p(b) = -25*b + 456. What are the prime factors of p(-40)?
2, 7, 13
Let c be 2 + -1 - (-2)/2*0. List the prime factors of 0 + c/(4/324).
3
Let r(o) = 6*o**2 - 44*o + 5. Let h be r(8). Suppose 0 = -4*n + 2*n - 2. What are the prime factors of h - (4 + 0 + n)?
2, 17
Let n = -209 + 149. Let v = n + 145. List the prime factors of v.
5, 17
Let p(j) = -j**2 + 2*j + 3. Let l be p(4). Let n(c) = -4*c + 1. Let v be n(l). Suppose 0 = -2*k + v + 5. What are the prime factors of k?
13
Let d be (-9)/((-90)/(-616)) - 6/15. Let r = 69 + d. What are the prime factors of r?
7
Let y(a) be the third derivative of 0 - 1/6*a**4 - 2*a**2 + 0*a - 4/3*a**3. List the prime factors of y(-4).
2
Suppose 4*w - 41 = -5*q, 0 = w - 3*q + 5 + 6. Suppose -l - w*l = -30. Suppose -4*c = -l*c + 8. What are the prime factors of c?
2
Let k = 42 + -7. Suppose -3*v + 23 = o - 2, 4*v + 3*o - k = 0. Suppose v*x - 7*x - 6 = 0. What are the prime factors of x?
2, 3
Suppose 5*l = 5*y - 195, y - 30 - 6 = -2*l. Let r = y - -75. List the prime factors of r.
113
Let d = -393 - -762. List the prime factors of d.
3, 41
Let c = 1074 + -744. Suppose -5*y - c = -8*y. List the prime factors of y.
2, 5, 11
Suppose -7*w - 2*d = -11*w + 2784, 4*w + 4*d = 2796. What are the prime factors of w?
17, 41
Let b = 1495 - -407. What are the prime factors of b?
2, 3, 317
Suppose -4 = 2*x, -4*b + 2*x - 3*x - 30 = 0. Let l(i) be the second derivative of i**4/12 + 2*i**3/3 - 2*i**2 - 11*i. What are the prime factors of l(b)?
17
Let i(v) = -v**3 + 8*v**2 + v + 9. Let w = 21 + -15. Let m be i(w). Suppose 0 = -2*z - z + m. List the prime factors of z.
29
Suppose 0 = i + i + c - 8, -2*i + 2*c = -2. Let w be (2/i)/(4/138). Suppose -3*d + 43 = -w. List the prime factors of d.
2, 11
Let j(s) = s**3 - 6*s**2 + 6*s - 4. Let b be j(6). Suppose 3*k + 64 = w + 3*w, 4*w + 5*k = b. Let y = w + -6. List the prime factors of y.
7
Suppose -7*m - 2 = -16. Let c = -4 - -7. Suppose m*o + h = 54, 4*o + c*h + 22 = 126. What are the prime factors of o?
29
Let q = 1171 - -14. List the prime factors of q.
3, 5, 79
Let l be 5/(-20) - (-30)/(-8). Let i be (l/(-6))/(26/117). Suppose 0 = 2*t + 6, -t + 5*t + 84 = i*n. List the prime factors of n.
2, 3
Suppose 3*w - 10526 = -4*s, -5*w + s = -2*s - 17582. What are the prime factors of w?
2, 7, 251
Let y(r) = 6*r**2 + 18*r - 16. What are the prime factors of y(18)?
2, 563
Let q = -45 + 21. List the prime factors of ((-976)/q)/((-6)/(-9)).
61
Suppose 0 = -4*u - 8, -4*u = 4*i - u - 454. Suppose -758 = -5*f - 3*g, -f + 5*g + i + 31 = 0. List the prime factors of f.
151
Let o(s) = 54*s - 38. What are the prime factors of o(6)?
2, 11, 13
Suppose 1404 = -n + 2067. What are the prime factors of n?
3, 13, 17
Suppose -92*z = -90*z - 620. What are the prime factors of z?
2, 5, 31
Suppose 872 = 4*c - 832. Suppose 0 = -5*r - 3*d + d + c, -4*r + d = -333. What are the prime factors of r?
2, 3, 7
Suppose 1126 = 4*b - 2*b + 3*m, 0 = -2*b + 4*m + 1140. What are the prime factors of b?
2, 283
Let d = -25 + 27. What are the prime factors of 5 + 30 + d + -3?
2, 17
Suppose 0 = -5*l - 22 + 32. Suppose l*v + 298 = 4*y, 5*v + 211 = 3*y + v. List the prime factors of y.
7, 11
Suppose 3*g - 5649 = -4*l, 10*g - 5*g + 4273 = 3*l. What are the prime factors of l?
2, 3, 59
Let i = 1559 + -70. List the prime factors of i.
1489
Let q = -9 + 11. Suppose q*c = -24 - 2. Let z = 41 + c. List the prime factors of z.
2, 7
Suppose 0*n + 9